{"id":60,"date":"2018-05-21T14:06:37","date_gmt":"2018-05-21T12:06:37","guid":{"rendered":"http:\/\/www.offenstall-alvaschein.ch\/?page_id=60"},"modified":"2024-12-06T11:35:41","modified_gmt":"2024-12-06T10:35:41","slug":"infrastruktur","status":"publish","type":"page","link":"https:\/\/www.offenstall-alvaschein.ch\/index.php\/infrastruktur\/","title":{"rendered":"Infrastruktur"},"content":{"rendered":"<p>\n\n\n<figure class=\"wp-block-image size-large is-resized\"><img loading=\"lazy\" decoding=\"async\" width=\"1024\" height=\"683\" src=\"http:\/\/www.offenstall-alvaschein.ch\/wp-content\/uploads\/Offenstall-Alvaschein-24-1024x683.jpeg\" alt=\"\" class=\"wp-image-396\" style=\"width:550px;height:auto\" srcset=\"https:\/\/www.offenstall-alvaschein.ch\/wp-content\/uploads\/Offenstall-Alvaschein-24-1024x683.jpeg 1024w, https:\/\/www.offenstall-alvaschein.ch\/wp-content\/uploads\/Offenstall-Alvaschein-24-300x200.jpeg 300w, https:\/\/www.offenstall-alvaschein.ch\/wp-content\/uploads\/Offenstall-Alvaschein-24-768x512.jpeg 768w, https:\/\/www.offenstall-alvaschein.ch\/wp-content\/uploads\/Offenstall-Alvaschein-24-1536x1024.jpeg 1536w, https:\/\/www.offenstall-alvaschein.ch\/wp-content\/uploads\/Offenstall-Alvaschein-24.jpeg 1920w\" sizes=\"(max-width: 1024px) 100vw, 1024px\" \/><\/figure>\n\n\n<\/p>\n<ul>\n<li>Sandreitplatz 20x30m, bew\u00e4ssert bei trockener Witterung. Immer bereitbar ausser bei Eis und Starkregen.<\/li>\n<li>Wundersch\u00f6nes Gel\u00e4nde mit schier endlosen M\u00f6glichkeiten vom kleinen Feierabend-Ausritt bis hin zu Tagesritten<\/li>\n<li>Grosser, abschliessbarer Sattelschrank<\/li>\n<li>Wasch-\/Putzplatz, gedeckte M\u00f6glichkeiten f\u00fcr Tierarzt, Osteopath etc.<\/li>\n<li>Abtrennbare Auslaufboxen bei Integration und Krankheit<\/li>\n<li>Waschmaschine und WC<\/li>\n<li>Sonnenplatz zum Verweilen<\/li>\n<\/ul>\n<div style=\"clear: both;\">\u00a0<\/div>\n<div>\u00a0<\/div>\n\n\n<figure class=\"wp-block-image size-large is-resized\"><img loading=\"lazy\" decoding=\"async\" width=\"1024\" height=\"683\" src=\"http:\/\/www.offenstall-alvaschein.ch\/wp-content\/uploads\/Offenstall-Alvaschein-4-3-1024x683.jpeg\" alt=\"\" class=\"wp-image-403\" style=\"width:446px;height:auto\" srcset=\"https:\/\/www.offenstall-alvaschein.ch\/wp-content\/uploads\/Offenstall-Alvaschein-4-3-1024x683.jpeg 1024w, https:\/\/www.offenstall-alvaschein.ch\/wp-content\/uploads\/Offenstall-Alvaschein-4-3-300x200.jpeg 300w, https:\/\/www.offenstall-alvaschein.ch\/wp-content\/uploads\/Offenstall-Alvaschein-4-3-768x512.jpeg 768w, https:\/\/www.offenstall-alvaschein.ch\/wp-content\/uploads\/Offenstall-Alvaschein-4-3-1536x1024.jpeg 1536w, https:\/\/www.offenstall-alvaschein.ch\/wp-content\/uploads\/Offenstall-Alvaschein-4-3.jpeg 1920w\" sizes=\"(max-width: 1024px) 100vw, 1024px\" \/><\/figure>\n\n\n\n\n<h4>\u00a0<\/h4>\n<h4>Bildergalerie Gel\u00e4nde:<\/h4>\n<p>(klick zum Vergr\u00f6ssern)<\/p>\n\n\n<p><\/p>\n\n\n\n<figure class=\"wp-block-image size-large is-resized\"><img loading=\"lazy\" decoding=\"async\" width=\"1024\" height=\"683\" src=\"https:\/\/www.offenstall-alvaschein.ch\/wp-content\/uploads\/DSC02406-1024x683.jpeg\" alt=\"\" class=\"wp-image-379\" style=\"width:342px;height:auto\" srcset=\"https:\/\/www.offenstall-alvaschein.ch\/wp-content\/uploads\/DSC02406-1024x683.jpeg 1024w, https:\/\/www.offenstall-alvaschein.ch\/wp-content\/uploads\/DSC02406-300x200.jpeg 300w, https:\/\/www.offenstall-alvaschein.ch\/wp-content\/uploads\/DSC02406-768x512.jpeg 768w, https:\/\/www.offenstall-alvaschein.ch\/wp-content\/uploads\/DSC02406-1536x1024.jpeg 1536w, https:\/\/www.offenstall-alvaschein.ch\/wp-content\/uploads\/DSC02406-2048x1365.jpeg 2048w\" sizes=\"(max-width: 1024px) 100vw, 1024px\" \/><\/figure>\n\n\n\n<figure class=\"wp-block-image size-large is-resized\"><img loading=\"lazy\" decoding=\"async\" width=\"1024\" height=\"683\" src=\"https:\/\/www.offenstall-alvaschein.ch\/wp-content\/uploads\/DSC02176-1024x683.jpg\" alt=\"\" class=\"wp-image-383\" style=\"width:343px;height:auto\" srcset=\"https:\/\/www.offenstall-alvaschein.ch\/wp-content\/uploads\/DSC02176-1024x683.jpg 1024w, https:\/\/www.offenstall-alvaschein.ch\/wp-content\/uploads\/DSC02176-300x200.jpg 300w, https:\/\/www.offenstall-alvaschein.ch\/wp-content\/uploads\/DSC02176-768x512.jpg 768w, https:\/\/www.offenstall-alvaschein.ch\/wp-content\/uploads\/DSC02176-1536x1024.jpg 1536w, https:\/\/www.offenstall-alvaschein.ch\/wp-content\/uploads\/DSC02176-2048x1365.jpg 2048w\" sizes=\"(max-width: 1024px) 100vw, 1024px\" \/><\/figure>\n\n\n\n<figure class=\"wp-block-image size-large is-resized\"><img loading=\"lazy\" decoding=\"async\" width=\"1024\" height=\"684\" src=\"https:\/\/www.offenstall-alvaschein.ch\/wp-content\/uploads\/9c52a95a-4b77-40a5-a408-e7c618356b59-1024x684.jpeg\" alt=\"\" class=\"wp-image-385\" style=\"width:343px;height:auto\" srcset=\"https:\/\/www.offenstall-alvaschein.ch\/wp-content\/uploads\/9c52a95a-4b77-40a5-a408-e7c618356b59-1024x684.jpeg 1024w, https:\/\/www.offenstall-alvaschein.ch\/wp-content\/uploads\/9c52a95a-4b77-40a5-a408-e7c618356b59-300x200.jpeg 300w, https:\/\/www.offenstall-alvaschein.ch\/wp-content\/uploads\/9c52a95a-4b77-40a5-a408-e7c618356b59-768x513.jpeg 768w, https:\/\/www.offenstall-alvaschein.ch\/wp-content\/uploads\/9c52a95a-4b77-40a5-a408-e7c618356b59-1536x1027.jpeg 1536w, https:\/\/www.offenstall-alvaschein.ch\/wp-content\/uploads\/9c52a95a-4b77-40a5-a408-e7c618356b59.jpeg 1616w\" sizes=\"(max-width: 1024px) 100vw, 1024px\" \/><\/figure>\n","protected":false},"excerpt":{"rendered":"<p>Sandreitplatz 20x30m, bew\u00e4ssert bei trockener Witterung. Immer bereitbar ausser bei Eis und Starkregen. Wundersch\u00f6nes Gel\u00e4nde mit schier endlosen M\u00f6glichkeiten vom kleinen Feierabend-Ausritt bis hin zu Tagesritten Grosser, abschliessbarer Sattelschrank Wasch-\/Putzplatz, gedeckte M\u00f6glichkeiten f\u00fcr Tierarzt, Osteopath etc. Abtrennbare Auslaufboxen bei Integration und Krankheit Waschmaschine und WC Sonnenplatz zum Verweilen \u00a0 \u00a0 \u00a0 Bildergalerie Gel\u00e4nde: (klick zum [&hellip;]<\/p>\n","protected":false},"author":2,"featured_media":0,"parent":0,"menu_order":0,"comment_status":"closed","ping_status":"closed","template":"","meta":{"footnotes":""},"_links":{"self":[{"href":"https:\/\/www.offenstall-alvaschein.ch\/index.php\/wp-json\/wp\/v2\/pages\/60"}],"collection":[{"href":"https:\/\/www.offenstall-alvaschein.ch\/index.php\/wp-json\/wp\/v2\/pages"}],"about":[{"href":"https:\/\/www.offenstall-alvaschein.ch\/index.php\/wp-json\/wp\/v2\/types\/page"}],"author":[{"embeddable":true,"href":"https:\/\/www.offenstall-alvaschein.ch\/index.php\/wp-json\/wp\/v2\/users\/2"}],"replies":[{"embeddable":true,"href":"https:\/\/www.offenstall-alvaschein.ch\/index.php\/wp-json\/wp\/v2\/comments?post=60"}],"version-history":[{"count":37,"href":"https:\/\/www.offenstall-alvaschein.ch\/index.php\/wp-json\/wp\/v2\/pages\/60\/revisions"}],"predecessor-version":[{"id":428,"href":"https:\/\/www.offenstall-alvaschein.ch\/index.php\/wp-json\/wp\/v2\/pages\/60\/revisions\/428"}],"wp:attachment":[{"href":"https:\/\/www.offenstall-alvaschein.ch\/index.php\/wp-json\/wp\/v2\/media?parent=60"}],"curies":[{"name":"wp","href":"https:\/\/api.w.org\/{rel}","templated":true}]}}